{"id":101,"date":"2013-09-12T18:45:50","date_gmt":"2013-09-12T16:45:50","guid":{"rendered":"http:\/\/schachclub-re-altstadt.de\/?page_id=101"},"modified":"2026-03-05T18:01:35","modified_gmt":"2026-03-05T17:01:35","slug":"vorstandkontakt","status":"publish","type":"page","link":"http:\/\/schachclub-re-altstadt.de\/?page_id=101","title":{"rendered":"Vorstand &#038; Kontakt"},"content":{"rendered":"<p>Sportst\u00e4tte:<br \/>Roncallihaus, Brucknerstra\u00dfe 8, 45657 Recklinghausen<\/p>\n<p>Spielabend ist freitags ab 19:00 Uhr<\/p>\n<p>Postempf\u00e4nger:<br \/>Filip Majstorovic, Dornr\u00f6schenweg 2, 45665 Recklinghausen, Tel. 0170 898 4613<br \/>E-Mail: filipmajstorovic7@gmail.com<\/p>\n<p>Vorstand:<\/p>\n<pre>1. Vorsitzender:\u00a0         \u00a0\u00a0\u00a0\u00a0 Filip Majstorovic\n2. Vorsitzender:\u00a0\u00a0\u00a0        \u00a0\u00a0 \u00a0Hans-Christian Mayeres\nFinanzen:\u00a0\u00a0\u00a0\u00a0\u00a0\u00a0\u00a0\u00a0\u00a0 \u00a0      \u00a0\u00a0\u00a0\u00a0 G\u00fcnter Keblat\n1. Spielleiter:                Franz Schulze Bisping<br \/>2. Spielleiter:                Frederik Seeber\nJugendwart:                    Frederik Seeber<br \/>Materialwart:                  Arnd HetkampFoto: Privat<\/pre>\n<p><a style=\"font-weight: bold; font-size: 12px;\" href=\"http:\/\/schachclub-re-altstadt.de\/wp-content\/uploads\/2025\/03\/IMG_3906-scaled.jpg\"><img loading=\"lazy\" decoding=\"async\" class=\"size-medium wp-image-4416\" src=\"http:\/\/schachclub-re-altstadt.de\/wp-content\/uploads\/2025\/03\/IMG_3906-300x200.jpg\" alt=\"\" width=\"300\" height=\"200\" srcset=\"http:\/\/schachclub-re-altstadt.de\/wp-content\/uploads\/2025\/03\/IMG_3906-300x200.jpg 300w, http:\/\/schachclub-re-altstadt.de\/wp-content\/uploads\/2025\/03\/IMG_3906-1024x683.jpg 1024w, http:\/\/schachclub-re-altstadt.de\/wp-content\/uploads\/2025\/03\/IMG_3906-768x512.jpg 768w, http:\/\/schachclub-re-altstadt.de\/wp-content\/uploads\/2025\/03\/IMG_3906-1536x1024.jpg 1536w, http:\/\/schachclub-re-altstadt.de\/wp-content\/uploads\/2025\/03\/IMG_3906-2048x1365.jpg 2048w\" sizes=\"auto, (max-width: 300px) 100vw, 300px\" \/><\/a><\/p>\n<p>v.li. Franz Schulze Bisping, Udo Wickenfeld, G\u00fcnter Keblat, Hans-Christian Mayeres<\/p>\n\n\n<p>Finanzamt\/Gemeinn\u00fctzigkeit<\/p>\n\n\n\n<p>Der Schachclub Recklinghausen Altstadt 06 e.V. wird beim\nFinanzamt Recklinghausen unter der Steuernummer 340\/5836\/0426 gef\u00fchrt. <\/p>\n\n\n\n<p>Der Freistellungsbescheid f\u00fcr 2020 bis 2022 zur K\u00f6rperschaftsteuer und Gewerbesteuer des Finanzamts Recklinghausen vom 19.06.2023 liegt vor. <\/p>\n\n\n\n<p>Die K\u00f6rperschaft f\u00f6rdert im Sinne der \u00a7\u00a7 51 ff. AO\nausschlie\u00dflich und unmittelbar folgende gemeinn\u00fctzige Zwecke:<\/p>\n\n\n\n<ul class=\"wp-block-list\">\n<li>F\u00f6rderung des Sports (\u00a7 52 Abs. 2 Satz 1 Nr. 21\nAO)<\/li>\n<\/ul>\n\n\n\n<p>Die n\u00e4chste Steuererkl\u00e4rung ist in 2026 f\u00fcr die Jahre 2023 bis 2025 einzureichen.<\/p>\n","protected":false},"excerpt":{"rendered":"<p>Sportst\u00e4tte:Roncallihaus, Brucknerstra\u00dfe 8, 45657 Recklinghausen Spielabend ist freitags ab 19:00 Uhr Postempf\u00e4nger:Filip Majstorovic, Dornr\u00f6schenweg 2, 45665 Recklinghausen, Tel. 0170 898 4613E-Mail: filipmajstorovic7@gmail.com Vorstand: 1. Vorsitzender:\u00a0 \u00a0\u00a0\u00a0\u00a0 Filip Majstorovic 2. Vorsitzender:\u00a0\u00a0\u00a0 \u00a0\u00a0 \u00a0Hans-Christian Mayeres Finanzen:\u00a0\u00a0\u00a0\u00a0\u00a0\u00a0\u00a0\u00a0\u00a0 \u00a0 \u00a0\u00a0\u00a0\u00a0 G\u00fcnter Keblat 1. Spielleiter: &hellip; <a href=\"http:\/\/schachclub-re-altstadt.de\/?page_id=101\">Weiterlesen <span class=\"meta-nav\">&rarr;<\/span><\/a><\/p>\n","protected":false},"author":2,"featured_media":0,"parent":0,"menu_order":0,"comment_status":"closed","ping_status":"closed","template":"","meta":{"footnotes":""},"class_list":["post-101","page","type-page","status-publish","hentry"],"_links":{"self":[{"href":"http:\/\/schachclub-re-altstadt.de\/index.php?rest_route=\/wp\/v2\/pages\/101","targetHints":{"allow":["GET"]}}],"collection":[{"href":"http:\/\/schachclub-re-altstadt.de\/index.php?rest_route=\/wp\/v2\/pages"}],"about":[{"href":"http:\/\/schachclub-re-altstadt.de\/index.php?rest_route=\/wp\/v2\/types\/page"}],"author":[{"embeddable":true,"href":"http:\/\/schachclub-re-altstadt.de\/index.php?rest_route=\/wp\/v2\/users\/2"}],"replies":[{"embeddable":true,"href":"http:\/\/schachclub-re-altstadt.de\/index.php?rest_route=%2Fwp%2Fv2%2Fcomments&post=101"}],"version-history":[{"count":20,"href":"http:\/\/schachclub-re-altstadt.de\/index.php?rest_route=\/wp\/v2\/pages\/101\/revisions"}],"predecessor-version":[{"id":4434,"href":"http:\/\/schachclub-re-altstadt.de\/index.php?rest_route=\/wp\/v2\/pages\/101\/revisions\/4434"}],"wp:attachment":[{"href":"http:\/\/schachclub-re-altstadt.de\/index.php?rest_route=%2Fwp%2Fv2%2Fmedia&parent=101"}],"curies":[{"name":"wp","href":"https:\/\/api.w.org\/{rel}","templated":true}]}}